t s(b) = -2*b**2 + 158*b - 197. What is the units digit of s(71)?
9
Let q = -55 - -20. Let x = -84 - -19. Let k = q - x. What is the tens digit of k?
3
Suppose z + k = 7, 0 = 3*z - k + 3*k - 19. Suppose -z*c + 42 + 3 = 0. Suppose -n = c - 30. What is the tens digit of n?
2
Let o(c) = -c**3 - 24*c**2 - 21*c + 4. Let m be o(-23). What is the units digit of (m/5)/(19/(-95))?
2
Suppose w = -3*w + 4*r + 24, 0 = -5*w - 4*r + 75. Let d = 8 - w. Let o = d + 4. What is the units digit of o?
1
Let g be (-1)/2*6/(-3). Let o be (-9)/(-9) + (g - 0). Suppose 0*q - 3*z + 145 = 2*q, o*z = q - 76. What is the tens digit of q?
7
Let c = 5977 - 3386. What is the hundreds digit of c?
5
Suppose 2*j + 5*w - 15 = 0, 0*w = -4*j - 5*w + 15. Suppose -5*r + 7*r + 6 = j. What is the units digit of (0 + r + 2)*-1?
1
What is the thousands digit of 15/(-10)*(-3451)/3*2?
3
Suppose 6*b + 666 = 8970. What is the units digit of b?
4
Suppose 115 = 5*h - 330. Let z = -45 + h. What is the tens digit of z?
4
Let r(q) be the second derivative of q**4/4 + q**3/2 - 13*q**2/2 - 37*q + 1. What is the hundreds digit of r(-8)?
1
Suppose -5*k - 3*f + 2845 = 1136, -5*k + 1715 = 5*f. What is the units digit of k?
0
Let s(v) be the second derivative of v**4/4 - v**3 + 11*v**2/2 - 16*v. What is the tens digit of s(3)?
2
Suppose 11*o - 1526 = -316. What is the tens digit of o?
1
Let y(d) = d - 2. Let o be y(4). Suppose 3*i = -11 + 17. Suppose -i*c + c + 2 = 2*j, -2*c + o = 3*j. What is the units digit of j?
2
Suppose 4*c - 424 - 360 = 0. What is the tens digit of c?
9
Let o(h) = -h**3 - 9*h**2 - 2*h + 11. Suppose 0 = -5*g - 3*p + 40, -6 - 4 = -2*p. Suppose 3*m - q + 17 = -15, 20 = -5*m - g*q. What is the units digit of o(m)?
9
Suppose -1621 = -4*y + 1191. What is the tens digit of y?
0
Suppose -k + 6 = 3*f, -f - 2 = -2*f - k. Let q be (f/(-5))/((-2)/(-170)). What is the units digit of 2/(6/(-3)) - q?
3
Let o(i) = -4*i - 3. Suppose -3*v = 15 - 9. What is the units digit of o(v)?
5
What is the tens digit of 11454/9 + -5 + (-10)/15?
6
Let s(r) = 5*r + 2. Let i be s(-1). Let w(j) = j**2 - 2*j - 2. What is the tens digit of w(i)?
1
Suppose 17 = 8*k + 9. What is the units digit of k?
1
Suppose 4*b + 20360 = 5*w + 9*b, 5*b - 8150 = -2*w. What is the thousands digit of w?
4
Let z(x) be the first derivative of x**3/3 - 4*x**2 + 15*x + 3. Let p be z(6). Suppose -p*u + 69 = 3*w, -5*w + 10 = 3*u - 99. What is the units digit of w?
0
Let s(z) be the third derivative of z**6/360 + z**5/60 + z**4/3 - 2*z**3/3 + 2*z**2. Let j(b) be the first derivative of s(b). What is the units digit of j(-6)?
2
Let c(v) be the first derivative of 14*v**3/3 - 3*v**2 - 3*v + 11. Let x be c(-2). Suppose -5*q + 210 = -x. What is the tens digit of q?
5
Suppose -80 = 3*g + g. Let w = 46 + g. What is the units digit of w?
6
Let c = 1669 - 107. What is the hundreds digit of c?
5
Let k be ((-109)/(-3))/(8/24). Suppose l - k = 57. What is the units digit of l?
6
Let q(y) = -y**2 + 8*y - 5. Let u be q(7). Let s be (u/1)/(3/(-51)). Let h = -6 - s. What is the tens digit of h?
2
Let w = -39 + 44. Suppose -5*h + 355 = u - 377, 3*h + w*u = 426. What is the hundreds digit of h?
1
Suppose 19*d = 25493 + 18435. What is the tens digit of d?
1
What is the units digit of 222 + 0 + (-1 - -2 - 3)?
0
Suppose 2*g + 2*g = 0. Suppose -3*c + 0*c - 465 = g. What is the units digit of c/(-55) - (-8)/44?
3
What is the tens digit of (-3)/(24/(-80)) - -179?
8
Let k(n) = 57*n**2 + n - 1. Let x be k(1). Let z be x + 4/(-4)*3. Let h = -22 + z. What is the tens digit of h?
3
Suppose -3*z - 2*z + 340 = 0. Let t = 79 - 65. What is the units digit of 4/t + z/7?
0
Suppose -11*m = -133 - 43. Suppose 11*r - m*r + f + 803 = 0, 3*f - 151 = -r. What is the hundreds digit of r?
1
Suppose 2 = -14*p + 12*p. Let q = 3 - p. What is the units digit of ((-24)/10)/(q/(-20))?
2
Let p = -1640 - -1909. What is the hundreds digit of p?
2
What is the thousands digit of ((-143391)/(-42) - 0) + 38/(-532)?
3
Suppose 0 = -4*t + 20, -3*t - 6 = -u - 15. Suppose u*l + 173 = 683. What is the tens digit of l?
8
Let x be -1 + (-3)/(-1) + 0. Suppose -2*u = 2*y - y + 38, x*u = -3*y - 30. Let d = 50 + u. What is the units digit of d?
9
Let q(z) = -325*z - 205. What is the tens digit of q(-9)?
2
Let n(v) = -2*v + 18. Let u be n(7). What is the tens digit of ((-72)/(-5)*1)/(u/30)?
0
Let o = 271 + 943. What is the units digit of o?
4
Let r(g) = 3*g + 62. Let k be r(-19). What is the hundreds digit of (-17 + k)*17/(-2)?
1
Let r be (2/(-8))/((-1)/(-4)) + 55. Let v = r + -50. What is the units digit of v?
4
Suppose 25*i - 11228 = -3*i. What is the hundreds digit of i?
4
What is the thousands digit of (-61360)/(-56) - (-4)/14?
1
Let n(z) = z**2 - 3*z - 9. Let r be n(5). What is the tens digit of 12/((9/(-39))/(-5 + r))?
0
Suppose -2*k + 1473 = -5*s, 26 = 4*s + 30. What is the hundreds digit of k?
7
What is the units digit of (20 + -35)*(-30 + -3)?
5
Let r(k) be the third derivative of -k**5/60 - 7*k**4/8 - 4*k**3 - 2*k**2. What is the units digit of r(-17)?
4
Let q(g) = 3*g**3 - 3*g**2 + 1. Let p be q(2). Let t = p - 1. What is the tens digit of t?
1
Let v = -1 + 6. Suppose -v*f = r - 856 - 1186, 3*f + 2*r - 1228 = 0. What is the units digit of (-1)/(-2)*f/6?
4
Suppose -2*m - 3*m - 15 = 0. Let i be 17/2*(5 + m). Suppose 4*t - 14 = -2*q, -4*t + 2*q + i = 5*q. What is the units digit of t?
2
Let y = -24 + 32. What is the tens digit of ((-26)/y)/((-25)/600)?
7
Let s = -331 - -561. What is the tens digit of s?
3
Let y = -222 + 246. What is the units digit of y?
4
Let m be 4 + 5/(-1) + 3. Suppose h - 3*s + 5*s + m = 0, 0 = -5*h - 4*s + 2. Suppose j - 5*j = -4*g + 196, h*g - 86 = -2*j. What is the units digit of g?
6
Suppose -3*p = -4*p + 15. Let h be (-2)/(-10) + 27/p. Suppose -h*b + 1 = -b. What is the units digit of b?
1
What is the units digit of (-144)/168*(-1526)/3?
6
Suppose 0 = -25*r + 31488 + 27112. What is the tens digit of r?
4
Let i be (8/3)/((-5)/(-165)). Let g = i + 2. Let p = g + -49. What is the units digit of p?
1
Let a be 11 + -1*(-2 - -2). Suppose 2*u = a*u. Suppose 2*g - 129 = 5*x, u*g = -5*g - 2*x + 337. What is the tens digit of g?
6
Suppose 11*j - 1305 = 10*j + 5*k, 2*k = -6. What is the units digit of j?
0
Suppose -o - 12 = -0*o + 3*p, 2*o + 5*p = -21. Let x(v) = -26*v + 5. What is the units digit of x(o)?
3
Let v be -1*10*(570/(-25) - -4). Let n = -146 + v. What is the tens digit of n?
4
What is the thousands digit of 3399/(-9)*(-71 + 62)?
3
Suppose 151*l - 148*l = -5*s + 20370, 3*s + 4*l - 12233 = 0. What is the tens digit of s?
7
Suppose 0 = 5*d - 38 + 13. Suppose 0 = d*m + z - 0*z - 70, -4*z = 0. What is the units digit of (-1 - (-3 - -1))*m?
4
Suppose 2*y - 3*y = 0. Suppose -x - 6 + 64 = y. Suppose -119 = -2*v + b, v - 3*b - x = -2*b. What is the tens digit of v?
6
Let g = -8 - -24. What is the units digit of 786/g - (-12)/(-96)?
9
Suppose 5*x + 1691 = l, -3*l + 7129 = 4*x + 1980. What is the thousands digit of l?
1
Suppose 243 = -50*m + 47*m. Let r = 14 - m. What is the tens digit of r?
9
Suppose 6*s + 1270 = 3688. What is the tens digit of s?
0
Suppose 11*h + 30 = 13*h. Suppose -3*z + h = -24. What is the units digit of z?
3
Suppose 8*g - 4*g = 184. Suppose -5*a = -g - 104. Suppose 3*l - 3*r = -l + 68, 3*r - a = -3*l. What is the tens digit of l?
1
Let n(x) = 2*x**3 - x**3 - 2*x**3 + 11 - 14*x - 12*x**2. Let f be n(-11). Suppose 0 = -0*t + 4*t - f. What is the units digit of t?
1
Let d(r) be the second derivative of 7*r**3/6 - 10*r**2 + 109*r. Let t = 20 + -11. What is the tens digit of d(t)?
4
What is the hundreds digit of 742/6 - (-5)/((-150)/20)?
1
Suppose -31 - 17 = 4*q. Let m(y) = 11*y + 12. Let l(i) = 5*i + 5. Let x(o) = -7*l(o) + 3*m(o). What is the tens digit of x(q)?
2
What is the hundreds digit of 6/2 - (37 + -941)?
9
Let y(u) = -5*u**2 - 2*u + 2. Let o be y(-2). Let j = 70 + o. Suppose -s + 5*c - c = -j, -3*c = -4*s + 159. What is the units digit of s?
6
Suppose 0 = -3*t - 2 + 11. Suppose 0 = t*o - 274 - 95. What is the units digit of o?
3
Let o = 22 - 12. Suppose 4*c - 3*w + 7 + o = 0, 0 = -5*c - 5*w - 65. What is the units digit of 6/c - (-715)/20?
5
Suppose -4*t - 528 = -8*t. What is the tens digit of t?
3
Let p(q) = 2*q**3 - 4*q**2 - q + 5. Let d be (2 + 10)